 of u?
7
Let z(s) = -s**3 + 2*s**2 + 2*s + 4. Let n be z(0). Suppose g - n*g + 210 = 0. What is the tens digit of g?
7
Let c = 816 + 197. What is the hundreds digit of c?
0
Suppose -i + 42 = m - 3, m - 4*i - 60 = 0. Let l = 5 + m. Suppose l = 5*w - 32. What is the tens digit of w?
1
Suppose 700 = j - 0*j + 5*o, -2*o = -4*j + 2778. What is the tens digit of j?
9
Let y = 413 + -4. What is the hundreds digit of y?
4
Let m be (18/(-24))/(3/(-20)). Suppose 19 - m = -r - 5*x, -2*x = 5*r - 22. What is the units digit of r?
6
Suppose 2*y = -5 + 11. Suppose 2*b - 2*x - 2*x - 20 = 0, 2 = 2*b + 2*x. What is the units digit of 1/(13/b - y)?
4
Suppose 3*k + 88 = -4*d, -2*k = -d + 14 + 30. Let v = 35 - k. What is the units digit of v?
9
Let u(o) = o**2 + 40. Let a(s) = 2*s - 4. Let y be a(4). Suppose 2*g - 2 = y*i, g = 5*i - 10*i + 1. What is the units digit of u(i)?
0
Suppose -n + 13 = -0. Let i(c) = -c**2 + 3*c - 8*c + 2*c**2 + 6 - 9*c + c. What is the units digit of i(n)?
6
Let n be (-158)/(-18) - 4/(-18). Suppose 0 = -5*m + n*m - 328. What is the units digit of m?
2
Suppose 2*a - 9 = 41. Let l = 32 - a. What is the units digit of l?
7
Suppose -3*u = -1 - 5. Suppose u*v + v - 6 = 0. Suppose 4*g - l = -v*l + 38, 5*g + 3*l - 51 = 0. What is the units digit of g?
9
Let q(p) be the first derivative of p**2/2 - 10*p + 17. Let a = 38 - 27. What is the units digit of q(a)?
1
Let a = 1709 - -25. What is the hundreds digit of a?
7
Suppose -1573 = -3*f - z, -2*f - z + 46 = -1004. What is the units digit of f?
3
Let l(w) = w**3 - w**2 + 1. Let j be l(0). Suppose -j + 9 = 2*i, 2*h + 5*i = 16. What is the units digit of (1 + h)/((-1)/31)?
1
Let a(i) = -i - 4. Let y(v) = v**3 + 9*v**2 - v - 12. Let b be y(-9). Let g be a(b). Let u(s) = 20*s**2 - s - 1. What is the tens digit of u(g)?
2
Let w(h) = h**2 + 27 + 98*h + h**2 - 117*h. What is the tens digit of w(15)?
9
Suppose -3*c = 6*x - 7*x + 4, 5*x = -2*c + 3. What is the units digit of x?
1
Let p(c) = c**2 + 10*c + 185. What is the hundreds digit of p(-37)?
1
Let s(y) = 15*y**2 + 157*y + 3. What is the units digit of s(7)?
7
Suppose 7*a - 65 = 2*a. Let i(x) = -x**3 + 14*x**2 - 16*x - 18. Let o be i(a). Let g = -26 - o. What is the tens digit of g?
3
Suppose -t - a = 3*a - 3198, -16047 = -5*t - a. What is the thousands digit of t?
3
Suppose -3*x - 2*x + 8830 = 5*p, 0 = x - 2*p - 1757. What is the tens digit of x?
6
Suppose 73*f - 37994 = 51*f. What is the thousands digit of f?
1
Suppose 0 = 46*h - 52*h + 3300. What is the hundreds digit of h?
5
Let u be (-1)/(1*3/(-9)). Suppose u*z = 2*z - 1. What is the units digit of z/3*1*-102?
4
Let t(y) be the second derivative of -5*y**5/24 - 5*y**4/24 + y**3/2 - 2*y. Let f(h) be the second derivative of t(h). What is the units digit of f(-2)?
5
Suppose t - g = -35, 0*t - 2*t = 2*g + 50. Suppose 385 = -15*f + 22*f. Let n = t + f. What is the units digit of n?
5
Let m = 143 + -109. What is the units digit of m?
4
Suppose 36 = j - p + 3, -4*p + 33 = j. Let s = -8 + j. Suppose -3*d - 7 = -s. What is the units digit of d?
6
What is the units digit of 3/18*-3 - 5754/(-4)?
8
Let h = -17 + 16. Let o be (4 + 2/h)*1. Let j = 7 + o. What is the units digit of j?
9
Let p be (50/(-4))/((-6)/12). Let y = p + -8. Suppose -5*b + y - 7 = 0. What is the units digit of b?
2
Let q(w) = 188*w - 322. What is the units digit of q(6)?
6
What is the hundreds digit of 14/(-63) + (-34294)/(-18)?
9
What is the hundreds digit of ((-1)/2)/(5/(-3120))?
3
What is the thousands digit of (-1534)/52*-10*(8 + -1)?
2
Let d = -7176 + 10647. What is the tens digit of d?
7
Suppose -5*g - 2540 = -6*g - 2*h, 0 = 5*h - 5. What is the units digit of g?
8
Suppose 0 = 3*a - 3*p - 226 + 28, 5*a + 3*p - 298 = 0. Let o = -33 + a. What is the tens digit of o?
2
Let d(s) = -s**3 + s**2 + s - 1. Let x be 3/2 - 5/10. Let a be d(x). Suppose a = -8*w + 3*w + 100. What is the tens digit of w?
2
Let q be (-18)/12*4/(-6). Suppose j - q = 2. Suppose -4*k + 84 + 28 = j*g, -k + 28 = 4*g. What is the units digit of k?
8
Suppose 14*t + 5 = 19*t. What is the hundreds digit of -2*(8 - t)*-9?
1
Let v(d) = d**3 + 7*d**2 - 7*d - 4. Let p = -31 + 24. What is the units digit of v(p)?
5
Suppose 219 = 4*w - 329. Suppose 196 = 3*q - w. Suppose 6*f = 273 - q. What is the units digit of f?
7
What is the hundreds digit of (-2)/(-4) + (-67284)/(-24)?
8
What is the hundreds digit of (-24)/(-6) + (-992)/(-2)?
5
Let r(q) = 15*q - 6. Let p(c) = -c**2 - c - 1. Let d(h) = p(h) + r(h). Let y be d(6). Suppose -w - u = -14, -3*u + 2*u + y = 4*w. What is the units digit of w?
9
Suppose 0 = -8*l + 1336 + 2496. What is the tens digit of l?
7
Let m(j) = -11 + 2*j - 9*j - j**2 - 5*j. What is the units digit of m(-10)?
9
Let t = 20 - 11. Let p = t - 5. What is the tens digit of (-1 - 0) + p - -21?
2
Suppose -o = -4*o. Suppose 2*v - 3*v + 21 = o. Suppose g = -4*t - t + v, g - 42 = 2*t. What is the units digit of g?
6
Suppose -4*p = 5*b - 6432, -10*b - 4*p + 2580 = -8*b. What is the thousands digit of b?
1
Suppose 0 = 4*h - 9 + 17. Let l(j) = 15*j**2 - 2*j. What is the units digit of l(h)?
4
Let w(l) = 4*l + 10. Let h be w(-10). Let b = -9 + 6. What is the units digit of 3 - (0 - b) - h?
0
Suppose 5*y = 2*y, 0 = 5*h - 2*y + 30. Let z = 11 + h. Suppose 5*k - 5*a - 30 = z, -a = -2*k + 19. What is the units digit of k?
2
Suppose 4*q - 4*h = 16, 0*q + q = -4*h + 4. Suppose -q*f = -0*f - 72. Suppose 0 = -4*w + f + 46. What is the tens digit of w?
1
Suppose -15*y + 16*y - 159 = 0. Let n = y - 3. What is the units digit of n?
6
Let p(k) = 67*k - 6. Suppose 3*o + 4 = -2*z, 2*o + o - 4*z = 26. What is the units digit of p(o)?
8
Let x = 9 + -5. Suppose -z + 4 + 9 = -4*g, 0 = -2*g - x. Suppose -3*q - 78 = -3*f, q + 78 = z*f - 2*f. What is the tens digit of f?
2
Let u be (3/(-2))/(9/(-24)). Suppose 0 = u*t - 119 - 81. What is the tens digit of t?
5
Suppose q = -2*u + 607, 5*q - 4*u = -0*u + 2993. What is the units digit of q?
1
Suppose -3*l + l = -12. Let b = 2 - l. What is the tens digit of b/26 - 1650/(-78)?
2
What is the hundreds digit of 236/((-2 - 5)/(-70))?
3
Let o(q) = q + 155. Let k = -23 - -23. Let x be o(k). Let d = -85 + x. What is the units digit of d?
0
What is the thousands digit of (35 + -10560)*(-2)/5?
4
Suppose -5*v + 5*d - 30 = 0, -29 = 2*v - 4*d - 9. What is the tens digit of (-10)/(-5) + (0 - v*7)?
1
Let a = 4 - 5. Let o = 36 + a. What is the tens digit of o?
3
What is the hundreds digit of (2*15)/(20/650)?
9
Suppose 4012 = 19*s + 15*s. What is the tens digit of s?
1
Suppose 0 = 5*r - 2*k - 7298, -4*k + 1 + 3 = 0. What is the tens digit of r?
6
Suppose 3*t + 6 = 3*s, 2*t - 4*s + 6*s - 16 = 0. Suppose t*j + 538 = -j - 2*i, -5*j - 680 = i. What is the units digit of j/(-7) - (-6)/14?
0
Suppose 5*j - 20 = 3*j. Suppose -1021 = -j*a - 151. What is the units digit of a?
7
Suppose 402 = 11*f - 159. Let z = f + 38. What is the tens digit of z?
8
Let z(u) = -u**3 + 10*u**2 - 10*u + 13. Let v be (-72)/(-20)*10/4. Let m be z(v). Suppose 2*c - 30 = -3*i + 2*i, m*i - 120 = -3*c. What is the units digit of i?
0
Let v = 1633 - 897. What is the hundreds digit of v?
7
Let w be (6 + -1 - 4)/((-2)/158). Let m = 49 - w. What is the hundreds digit of m?
1
Suppose -3*i + 1 = 4*x, -i + 3*i + 2 = -4*x. Suppose 63 = -3*z + i. What is the units digit of 2/5 - 112/z?
6
Let t be 0 - (-1)/(2/6). Suppose t*r = -3*j - 3, j + 3*r + 9 = -0*r. Let y = j + 29. What is the tens digit of y?
3
Let m(o) = -8*o**2 - 6*o - 5. Let v(f) = 8*f**2 + 5*f + 6. Let s(k) = 4*m(k) + 5*v(k). What is the tens digit of s(3)?
8
Let j be (-14)/(-6) - (-4)/(-12). Suppose -j*l - 28 = -164. What is the tens digit of l?
6
Suppose 2*a - 1144 = -2*i, -15*a + 2290 = 4*i - 13*a. What is the hundreds digit of i?
5
Let p = 290 - 114. What is the units digit of p - (-3)/(-6)*-2?
7
Suppose 11*g + 6 = -5. What is the tens digit of 1072/16 + 2 + g?
6
Let r be (18/4)/((-6)/(-8)). Let a = 93 - -2. Suppose r*i - i - a = 0. What is the tens digit of i?
1
What is the thousands digit of -1*(1 + 684)*-2?
1
What is the units digit of (6/(-1))/(-3 - (-361)/121)?
3
Let o be (15*(-6)/(-27))/(14/21). Let i(l) = 7*l**2 + 25*l - 6. Let v(k) = 4*k**2 + 13*k - 3. Let s(d) = -6*i(d) + 11*v(d). What is the units digit of s(o)?
8
Let r = -59 + 8